se 4*u + 15 = -1. Let k(v) = -6*v - 7. What is the units digit of k(u)?
7
Let z(x) be the second derivative of -x**3/3 - 11*x**2/2 - 4*x. What is the units digit of z(-8)?
5
Suppose 0 = -z - r + 8, z - 5*r = 5*z - 36. What is the units digit of z?
4
Let y = -7 - -4. What is the tens digit of ((-68)/(-12))/(y/(-9))?
1
Let f(i) = -i - 3. Let d be f(-5). Suppose d*v - 29 - 17 = 0. What is the units digit of v?
3
Let r be (-2)/((-12)/(-39))*-2. Suppose -t = -r + 4. What is the units digit of t?
9
Let u(i) = -2*i**2 + 24*i + 6. What is the units digit of u(11)?
8
Let m(y) = 17*y + 1. Let u be ((-1)/2)/(1/(-2)). What is the tens digit of m(u)?
1
Let d = 134 + -69. What is the units digit of d?
5
What is the hundreds digit of (-4)/10*(-3 - 2)*67?
1
Let m = -38 - -65. Suppose -p + 2*p - 5*a - m = 0, 0 = 3*p - 5*a - 91. What is the tens digit of p?
3
Let b(h) = h**3 + 7*h**2 - 9*h + 6. What is the units digit of b(-8)?
4
Suppose -70 = -2*d - 3*d. What is the units digit of d?
4
Let x = 9 + 7. What is the units digit of x?
6
Let v = 53 - -246. What is the hundreds digit of v?
2
Let k = 5 + -8. What is the tens digit of (-13)/(k - (-10)/4)?
2
Suppose 2*n - 15 - 129 = 0. Suppose n = -4*f + 6*f. What is the units digit of f?
6
Let c be 4/6*(3 + 0). Let o(z) = 6*z**3 - 3*z**2 + z - 2. Let n be o(c). Suppose -2*q = 2*h - n, -2*h = 4*q - q - 38. What is the tens digit of h?
1
What is the hundreds digit of 8322/27 + 9/(81/(-2))?
3
What is the units digit of 12/(-21) - 218/(-14)?
5
Suppose -46 = -5*j + 39. What is the tens digit of j?
1
Suppose 5*i - 65 = 5*z, 4*i + 0*i - 58 = z. Let q(t) = t**3 - t**2 - 2*t - 2. Let f be q(-2). Let d = f + i. What is the units digit of d?
5
Suppose -4*h - 12 = 0, 0 = 3*t + 2*h + 2*h + 6. Let i be (-3 - -2)*1*1. What is the units digit of (-3*1 - t)/i?
5
Let z be 1 + (-5)/((-5)/4). Let j = -5 + z. Suppose j*a + 24 = 3*a - 3*n, 3*a + 5*n = 64. What is the units digit of a?
3
Let t = 6 + -2. Suppose 0 = s + 5*v + t - 3, -s + 5*v + 9 = 0. Suppose -2*i - 20 = -5*j - 3*i, -5*j + s*i - 5 = 0. What is the units digit of j?
3
Let n(r) = -5 - r - 1 - 2*r + r**2. Let y(f) = -f**3 - f**2 - f + 6. Let l be y(0). What is the units digit of n(l)?
2
Suppose -3*l = l. Let f = 2 + l. What is the units digit of f?
2
Let n = -10 - -9. What is the units digit of n*(-19)/1 - -1?
0
Suppose 0 = -3*i + 6 + 15. Suppose v + 8 = 4*c, -2*v + i = 4*c - 1. Let d = 5 + c. What is the units digit of d?
7
Suppose -2 = -q + 10. What is the units digit of q?
2
Let o(z) = -z**3 + 6*z**2 - z + 12. What is the units digit of o(5)?
2
Let f = 13 - 6. Let y(m) = m**2 - 2*m - 7. What is the units digit of y(f)?
8
Let x(c) = -c**3 + 7*c**2 + 2*c - 6. Let y = 16 - 9. Let u be x(y). What is the units digit of u + (0 + 3)/(-3)?
7
Let x = 146 + -89. What is the tens digit of x?
5
Let g(v) = 3 + 3 - 1 + v - 2. What is the units digit of g(3)?
6
Suppose -26 = -2*h - 10. What is the tens digit of (8/(-5))/(h/(-200))?
4
Let h = 46 + -22. Suppose h = 2*k - 4*o, 5*k + 0*k = -o + 5. What is the units digit of k?
2
Let v(g) = 41*g + 9. What is the hundreds digit of v(3)?
1
Suppose -2*o - 3*o + 145 = 5*n, 3*o - 79 = -n. What is the units digit of o?
5
Let g = 23 + 48. What is the units digit of g?
1
Let i(f) = f**3 + 12*f**2 + 14*f + 4. What is the units digit of i(-10)?
4
Let n(m) = m - 3. Let r be n(0). What is the units digit of 1/(r/9) - -10?
7
What is the units digit of (-10)/3*(-4)/((-16)/(-276))?
0
Suppose -2*h + 2 = -6. Suppose 0 = 5*l - 5*o - 165, 2*l + 1 = o + 63. Suppose -78 = -r - h*r - 3*i, -2*r + i + l = 0. What is the units digit of r?
5
What is the units digit of 6/10 - (-162)/5?
3
Let p = 21 + -11. What is the tens digit of p?
1
Suppose -4*j - 2*r = -1000, -2*j - 3*r + 443 = -53. What is the units digit of j?
1
What is the tens digit of 328/4 - 8/(-2)?
8
Let n = -16 - -8. Suppose -4*u + 59 = 3*v, 0*v = -4*u - v + 57. Let s = n + u. What is the units digit of s?
6
Let f = 284 + -138. What is the hundreds digit of f?
1
Suppose 4 = -d + g - 14, 5*g = d + 14. Let m = 3 + d. Let o = 29 + m. What is the units digit of o?
3
Let f = 1 - 0. Let g = 3 - f. What is the units digit of g?
2
Let g(c) = 2*c - 8. Let b = 3 - -10. Let n = -6 + b. What is the units digit of g(n)?
6
Let p be 1/((-177)/87 - -2). Let x = p + 40. What is the tens digit of x?
1
Let y be 5 - (3 + 3/(-3)). Let f be (-2)/(y/9 + -1). What is the units digit of f - -3 - (-2)/2?
7
Suppose -5 = -2*g - 3. Suppose -2*s - 5*k = 19, -6 = 5*s + 4*k - g. What is the units digit of 2 + s*4/3?
6
Let x = -10 + 45. What is the units digit of x?
5
Let k(r) = -r**2 - 5*r + 3. Let n be k(-4). Let h = n + -14. Let z = 11 + h. What is the units digit of z?
4
Suppose 0*s - 5*s = 5. Let j(h) = -6*h. Let i be j(s). Suppose -u - u = -i. What is the units digit of u?
3
Suppose 2*b = -3 + 9. Suppose 4*y = -2*p + 126, b*y - p - 94 = -3*p. Let c = y + -19. What is the units digit of c?
3
Let w(k) = -k**3 - 11*k**2 - 14*k - 4. Let f be w(-10). Suppose f = y - 2*d, -129 = -4*y + 6*d - d. What is the tens digit of y?
2
Let q(o) = -4*o + 1. Let s(h) = h**2 + h + 1. Let k be s(-1). Let d be q(k). Let j = d + 4. What is the units digit of j?
1
Suppose -2*u - 19 + 361 = -4*t, -2*u = -5*t - 337. What is the units digit of u?
1
Suppose -2*j - j - 12 = 0. Suppose 2*w + w = -30. Let b = j - w. What is the units digit of b?
6
Suppose 3*w = 4*j + 3, 2*w - 28 = -j - 3*w. Suppose 48 = j*r - 0*r. What is the tens digit of r?
1
Let w(y) = -y**2 + 4*y + 7. Let o be w(5). Let p be (-6)/1*(-1)/o. Suppose -3*x - 5*i = -34, -2 = -2*x + x + p*i. What is the units digit of x?
8
Let w = 80 + -30. What is the tens digit of w?
5
Suppose 5*y = 5 - 10, 4*s = -5*y + 271. What is the units digit of s?
9
Let p = -52 - -91. What is the units digit of p?
9
Let u(l) = -l - 1. Let x be u(-4). Suppose 0 = 2*j + x*j - 25. Suppose 0 = -3*b - b + 2*g + 16, j*b + g - 20 = 0. What is the units digit of b?
4
Let n be ((-2)/6 + -1)*-3. Let w = -9 - -18. Suppose j = n*j - w. What is the units digit of j?
3
Let h = 1 + 2. Suppose 4*g - h*g = 17. What is the units digit of g?
7
Let f = -176 + 324. What is the hundreds digit of f?
1
Let x be 3/(3/7) + 2. Let n = x + -1. What is the units digit of n?
8
Let h be (0 - 2)*(-2 + 4). What is the units digit of (-20)/h*(1 + 0)?
5
Let l(v) = -v**2 - 7*v. Let g be l(-6). Let k be g/7*21/(-3). Let q(c) = c**3 + 7*c**2 + 5*c. What is the units digit of q(k)?
6
Suppose 0 = -3*y - y + 4. Suppose 0*i - i + y = 0. What is the units digit of -10*(-3)/(7 - i)?
5
Suppose -2*b + 0*b - 3*c + 19 = 0, 5*b - 4*c - 82 = 0. What is the tens digit of 186/b - (-4)/(-14)?
1
Suppose 0 = -5*t + 3*t + 36. What is the units digit of t?
8
Suppose -2*s + 38 - 12 = 0. Let c = 28 - s. Let d = -8 + c. What is the units digit of d?
7
What is the tens digit of (-14)/35 + (-114)/(-10)?
1
Let z = -13 - -263. What is the tens digit of z?
5
Suppose -2*d = 3*d - 260. Suppose -u - 3*u = -d. Suppose u = 3*m - 5. What is the units digit of m?
6
Suppose -5*j + 8 = 3*h, j + 4*h = 3*j - 24. Suppose j*m - 7 = -b, 0 = b + 3*m - 6. What is the units digit of b?
3
Let l(f) = -2*f**3 - 15*f**2 - 10*f + 10. What is the tens digit of l(-8)?
5
Let a(l) = 143*l**2 - l + 2. What is the units digit of a(1)?
4
Let u(x) = -x**2 + 6*x + 5. Let t be u(5). Suppose t*g = 5*g + 5. What is the units digit of g?
1
Let n be (1 + -1)/1 + 2. Suppose -3*o = n - 14. What is the units digit of o?
4
Suppose 3*g - 27 = 9. What is the tens digit of g?
1
Let u(f) = -2*f + 1. Suppose -4*n - 7 = 5. Let o be u(n). Suppose o*q - 2*q = 35. What is the units digit of q?
7
Let o(i) = 3*i + 4*i + 10 - 6*i. Let p be o(-5). Suppose -3*r = -2*v - 2*r + 5, 0 = p*v - 5*r - 20. What is the units digit of v?
1
Let d(x) = 3*x + 7. Let f be d(7). Suppose 6*c - f = -2*a + c, 3*a + 4*c = 28. What is the units digit of a?
4
Let r = -30 - -59. What is the tens digit of r?
2
Suppose -5 = 2*f + 7. What is the tens digit of -26*3/f*1?
1
Suppose -5*c + 99 = -5*x - 141, 3*c - 144 = -2*x. What is the tens digit of c?
4
Suppose 8*w - 3*w - 3*v = 457, v = -w + 93. What is the tens digit of w?
9
Suppose 3*l = h + 469, 0 = -3*h - 0*h + 6. What is the hundreds digit of l?
1
Let z = -1 - -4. Suppose 11 = -5*g - 2*r, 0*g - 14 = 5*g + z*r.